3
Let r = 4 - 0. Let t(v) be the first derivative of v**2 + 4*v - 1. Let a be t(r). What is the highest common divisor of 84 and a?
12
Let x(j) = -4*j - 15. Let v be x(-6). What is the greatest common factor of 36 and v?
9
Let p be (-1 + 4)/(-3) + 19. What is the highest common divisor of p and 27?
9
Let a(v) = -9 - 11*v + 9. Let d be a(-3). Calculate the greatest common factor of 11 and d.
11
Let t(j) = -j**3 + 4*j**2 - 4*j + 2. Let c = 14 + -12. Let z be t(c). Calculate the greatest common factor of 10 and z.
2
Let k = -8 - -44. Suppose -21*w + 25 = -26*w. Let g be (w + 4)*(-9)/1. What is the greatest common factor of g and k?
9
Let j be (-6)/2*(2 + -1). Let q = -3 - j. Suppose 0*n - n + 2 = q. Calculate the greatest common factor of n and 2.
2
Suppose -10 = 2*x + 4*a, 2*x = 7*x - 5*a - 50. Suppose x*c - 42 = 18. What is the greatest common factor of 30 and c?
6
Suppose -t = 4*t. Let o be t/((-9)/(2 - 5)). Suppose o*n - 24 = -n. Calculate the greatest common factor of 60 and n.
12
Suppose -8 = -m + 1. Let k = -19 + m. Let f be ((-24)/k)/((-2)/(-40)). Calculate the greatest common divisor of 12 and f.
12
Let g = -26 + 59. Let q(j) = 22*j**2 - j + 1. Let o be (2/4)/(2/4). Let f be q(o). Calculate the highest common factor of g and f.
11
Let q be (-3 + -1)*(1 - 0). Let u be 5/(q/(24/(-2))). Calculate the highest common divisor of 10 and u.
5
Let j(u) = -u**3 - 9*u**2 - 8*u - 8. Let m be (24/(-15))/(2/10). Let w be j(m). Let q = w + 17. What is the greatest common divisor of q and 45?
9
Suppose -2*s - 1 = 3*n - 50, 4*s - 38 = -2*n. Let r = 26 - n. Calculate the highest common factor of 11 and r.
11
Suppose 2*c + 9 = 109. Let g be 4/6 - 56/(-6). Calculate the highest common factor of c and g.
10
Let h(c) = -c**3 - 7*c**2 + 12*c - 8. Let n be h(-9). Calculate the highest common divisor of 460 and n.
46
Suppose -q + 8 = -34. Let r be 62 - 0 - 2/(-2). Calculate the greatest common divisor of q and r.
21
Let g = -3 - -11. Calculate the greatest common factor of 12 and g.
4
Let o = -11 - -13. Let y be 2 - (o + 1 - 4). What is the greatest common divisor of 33 and y?
3
Let y(n) = n**2 + 5*n - 10. Let k be y(-7). Suppose 0 = k*d - 62 - 2. Suppose r = -5, 293 = 2*v + 2*r - 3*r. Calculate the greatest common divisor of d and v.
16
Let v(d) = d + 18. Let k be v(-6). Let z be (-1054)/(-8) - (-2)/8. What is the highest common divisor of z and k?
12
Let v = -14 + 19. Let c(j) = -j**2 + 6*j + 1. Let z be c(v). Calculate the highest common factor of 42 and z.
6
Suppose 8 = -5*z + 4*t, z - 10 = 6*z - 5*t. Suppose z = -5*d + 75 - 10. What is the highest common divisor of 13 and d?
13
Let b be (-1)/2*0/(-1). Let r be (0 - b) + 2 - 10. Let u(f) = -f**2 - 9*f + 3. Let p be u(r). What is the greatest common divisor of p and 11?
11
Suppose 3*z - 1 = 2*z. Let h = 2 + z. What is the highest common divisor of h and 15?
3
Let j = 97 - 69. Let n = -11 - -7. Let t be 2 - (4/2 + n). What is the highest common factor of j and t?
4
Let v(s) = s**2 + 5*s + 15. Let c be v(-6). Calculate the highest common factor of 84 and c.
21
Let s be 966/(-4) + 2/4. Let m be s/(-2) - 1/2. Calculate the highest common divisor of 15 and m.
15
Suppose 20 = 2*q - 28. Calculate the highest common factor of q and 8.
8
Suppose -2*i + 1031 = 55. Let f be i/22 - (-2)/(-11). Calculate the greatest common factor of 11 and f.
11
Let s be (46/6)/((-4)/(-12)). Let n = s + 73. Calculate the highest common factor of n and 16.
16
Let l be (-1)/(4/12*1). Let d be 64 - 1/(l + 2). Let m(k) = -k + 7. Let v be m(-6). Calculate the greatest common factor of d and v.
13
Suppose 0 = 8*z - 135 + 7. Calculate the highest common factor of z and 144.
16
Let i = -17 - -161. Suppose 37*z = 34*z + i. Calculate the highest common factor of 32 and z.
16
Let o(g) = 3*g + 18. Let f be o(9). Let i be f/30*(-62)/(-3). Calculate the greatest common divisor of 124 and i.
31
Let g be (-2 - -2) + 5 + 0. Let v(y) = -2*y + 7. Let j be v(g). Let c be (8/(-3))/(1/j). Calculate the highest common divisor of 1 and c.
1
Let c be 5/((-4)/(-4)) + 5. What is the greatest common divisor of c and 60?
10
Suppose -5*q = 12 - 2. Let c be (7/q)/((-6)/12). Suppose -j = -5 - c. What is the greatest common divisor of j and 24?
12
Let f(j) = 2*j**2 + 2*j. Let h be f(-2). Suppose -95 = -h*s - s. What is the highest common factor of s and 19?
19
Suppose 0 = -3*t + 6*t - 9. Suppose -v = 4*l + 17, -2*l - l - 27 = -4*v. Calculate the highest common divisor of t and v.
3
Suppose v - 14*v = -988. What is the highest common factor of v and 38?
38
Let r be ((-33)/4)/((-15)/60). Calculate the greatest common divisor of 66 and r.
33
Let j(p) = -p**2 - 19*p - 2. Let r be j(-17). What is the highest common divisor of r and 96?
32
Let t(s) = s**3 - 8*s**2 - 8*s - 7. Let j be t(9). What is the highest common divisor of 5 and j?
1
Let z = 62 + -20. Let q = 4 + -10. Let n be z*1/(q/(-2)). What is the greatest common factor of 126 and n?
14
Suppose 2*g = 5*z + g - 239, g = 1. Let o = -10 - -7. Let f(q) = -q**3 - 3*q**2 - q + 3. Let s be f(o). Calculate the greatest common divisor of s and z.
6
Let v(s) = -s + 5. Let o(h) = 3*h - 21. Let a(f) = -4*o(f) - 18*v(f). Let p be 2/(0 - -2) + 6. Let x be a(p). Calculate the greatest common factor of x and 9.
9
Suppose -4*x + 833 + 59 = 5*u, 0 = -5*u + 2*x + 874. Let y(t) = t**2 - 3*t + 6. Let b be y(5). Calculate the greatest common divisor of b and u.
16
Let f(c) = -c**2 + 22*c + 6. Let v be f(10). Let n be 4/(-10) + v/15. Let p be (-27)/(2*(-3)/n). Calculate the highest common divisor of 4 and p.
4
Let a(h) = h**2 - h + 4. Let s be a(0). Let r be 1/(-4*s/(-1008)). What is the greatest common divisor of r and 21?
21
Let a(c) = 2*c + 6. Let q be a(-5). Let u be ((-5)/20)/(1/q). Calculate the greatest common factor of 5 and u.
1
Let f = -3 + 8. Let r(l) = 18*l + 6. Let u be r(f). Calculate the greatest common divisor of u and 12.
12
Let i = -13 + 16. Let k = -2 - -3. Calculate the greatest common factor of i and k.
1
Let q = 16 + 17. What is the greatest common divisor of q and 11?
11
Let h be 2/(-2)*(-2)/2. Suppose 4*p - 8 - 32 = 0. Calculate the highest common factor of p and h.
1
Let p = -3 + 10. What is the greatest common divisor of p and 63?
7
Let a = 66 - 65. What is the greatest common factor of 11 and a?
1
Let x be (4/2)/(3 + 147/(-51)). What is the highest common divisor of x and 1?
1
Let m = 23 + -9. Let d = 5 - -1. Suppose -d*l + 2*l + 43 = -5*i, 17 = 2*l - i. What is the greatest common divisor of l and m?
7
Let w(m) = -m**3 + 10*m**2 - 7*m - 2. Let c be w(5). Let v = 27 + -16. Calculate the highest common factor of v and c.
11
Let j be (15/6 - 2)*12. Let l be 4*3/(9/j). What is the greatest common divisor of l and 8?
8
Suppose 14*p - 8*p - 1296 = 0. Calculate the greatest common factor of 24 and p.
24
Let k(g) = 2*g**2 + 19*g + 11. Let z be k(-10). What is the highest common factor of z and 35?
7
Suppose -k - 198 = -5*h - 2*k, 202 = 5*h - k. Calculate the greatest common factor of 5 and h.
5
Suppose 4*d + 5*a - 65 = 0, 5*a - 31 = -2*d + 4*a. What is the greatest common divisor of d and 195?
15
Suppose 0 = 3*o - g - 31 + 5, 0 = 4*o - 2*g - 32. Suppose 7 + 13 = r. Calculate the greatest common factor of o and r.
10
Let d = 28 + 62. Calculate the highest common divisor of 15 and d.
15
Suppose 3*n + 2 = d - 2, 0 = -3*d + 4*n + 12. Suppose -4*c + 5*l + 82 = 3*l, 4*c + d*l - 52 = 0. What is the greatest common factor of 18 and c?
18
Suppose d - 44 = -3*d. Suppose -2*j + 6*j - 51 = -5*a, 5*j - 66 = -4*a. Let u be j + 0 + 1 + -4. Calculate the greatest common factor of u and d.
11
Suppose 4*l - 5*j + 2*j - 36 = 0, -2*l - j + 28 = 0. Suppose -5 = -5*h + 35. What is the greatest common factor of l and h?
4
Let i be (1 + -47)*(-3)/6. Calculate the highest common divisor of i and 207.
23
Let b(q) be the third derivative of 17*q**5/60 - q**3/6 - q**2. Let a be b(-1). Calculate the highest common factor of a and 40.
8
Suppose 0 = -4*z - k + 99, -3*z = -8*z + 5*k + 155. Calculate the highest common divisor of 65 and z.
13
Suppose -5*k = -5*c - 315, -k + 3*k = -3*c + 136. Calculate the greatest common factor of 13 and k.
13
Let d(r) = 2*r - 9. Let l be d(6). Suppose i + l = n + 47, -n = -5*i + 204. What is the highest common di